e highest common divisor of q and o.
6
Let v = 10 + -14. Let h be 2/v - 315/(-14). What is the highest common divisor of 33 and h?
11
Suppose -812 = -15*m - 92. Let o = m + -39. What is the highest common divisor of o and 63?
9
Let h(i) = i**3 - 17*i**2 + i - 11. Let o be 3 - 28/(-3 + 1). Let j be h(o). What is the highest common factor of j and 24?
6
Let a(r) = r**2 - 13*r + 120. Let m be a(-15). Calculate the highest common factor of m and 15.
15
Let a be (6/(-2))/((-3)/80). Let j = 103 + -87. Suppose -f + 16 = -j. Calculate the highest common factor of a and f.
16
Let z = 233 + -219. What is the greatest common factor of 2 and z?
2
Let w(m) = m**2 + 5*m + 3. Let j be w(-8). What is the greatest common factor of j and 1701?
27
Let a be 148/(-6)*(1 + -13). Suppose -2*j = -3*d - 2*d - 89, -197 = -5*j + 4*d. What is the highest common factor of j and a?
37
Let m(y) = y**2 - 35*y + 21. Let g be m(37). What is the greatest common factor of 110 and g?
5
Suppose -2*l = 4*v - 480, 3*v + 54 = -l + 414. Let b(q) = 4*q**2 + 4*q + 12. Let j be b(8). Calculate the highest common divisor of j and v.
60
Suppose 0 = 3*w + m - 82, -5*m = 8*w - 6*w - 46. Calculate the greatest common divisor of w and 644.
28
Suppose -3*u + 32 = u. Let k be -61*(-4)/u*-2. Let q = k + 85. What is the greatest common divisor of q and 6?
6
Suppose -4*y - 338 = 2*z, -5*y + 5*z - 422 = 7*z. Let s be (-6)/((y/(-16))/(-7)). Calculate the highest common divisor of 16 and s.
8
Let t(i) = -i**3 + 16*i**2 + 22*i + 16. Let k = -18 - -34. Let j be t(k). What is the greatest common factor of j and 46?
46
Let j = 1560 - 598. What is the highest common divisor of j and 26?
26
Let z = -69 - -48. Let j be z/(-14)*88/6. Let i = 68 + j. Calculate the greatest common factor of i and 10.
10
Let f be (6 + -1)*(-29)/(-5) - -2. Suppose 4*j = 4*l - 0*j - 608, 5*l = -5*j + 790. Calculate the greatest common divisor of l and f.
31
Suppose 2*b + 1338 = 2*t, -5*t = -0*b + 3*b - 3329. What is the greatest common divisor of 46 and t?
23
Suppose 2 = 2*x - 5*i + 4, 0 = -5*x - 3*i + 26. Suppose 5*g - x*h - 260 = 0, -2*g + 5*g + 4*h = 188. What is the highest common factor of 14 and g?
14
Let r = -210 - -300. What is the greatest common factor of 150 and r?
30
Let m be (3*10/(-8))/(31/(-124)). Suppose -39 = z - 6*z + 3*g, g + 33 = 5*z. What is the greatest common factor of m and z?
3
Let b = -202 + 277. What is the highest common factor of 175 and b?
25
Let n(t) = t**2 - 18*t - 8. Let u(o) = -o**2 + 27*o + 12. Let y(w) = 7*n(w) + 5*u(w). Let h be y(-5). Calculate the highest common divisor of h and 81.
9
Let t = -143 - -233. Calculate the greatest common factor of 60 and t.
30
Let i = -28 + 56. Calculate the greatest common factor of i and 35.
7
Suppose 4*p + 9 = 2*c - c, 0 = -5*c + 4*p + 29. Suppose -3*m - 3*i = i - 36, c*i + 15 = 0. What is the greatest common divisor of 16 and m?
16
Suppose -v = 5*u - 212, -4*v + 446 + 327 = 5*u. Calculate the greatest common divisor of 153 and v.
17
Let w(y) = -2*y**2 - 30*y - 87. Let i be w(-11). Calculate the highest common factor of i and 84.
1
Suppose 5*r - 3*r = 3*g - 18, 4*r + 4 = -2*g. Suppose y - 5*t - 114 = -21, -g*t - 356 = -4*y. Calculate the greatest common factor of y and 11.
11
Suppose -6*m + 339 - 75 = 0. Let n(f) = -f + 11. Let h be n(0). Calculate the highest common divisor of m and h.
11
Suppose 0 = u + 4*o - 8*o - 232, -2*o = -3*u + 686. Calculate the highest common divisor of u and 24.
12
Suppose 0 = 3*u - y - 3528, -11*u + 5*y - 3528 = -14*u. What is the greatest common divisor of 42 and u?
42
Let i be (-6)/2*(2 - (-22)/(-6)). Let n(x) = x**2 + 7*x - 4. Let o be n(i). What is the highest common divisor of o and 28?
28
Suppose 4*i - 72 = 2*i + 4*t, 3*t + 119 = 4*i. Calculate the greatest common factor of 182 and i.
26
Let s = 36 - 42. Let h be (-30)/(-4)*s/(-9). Suppose 0 = -4*m - 2*y - y + 239, 249 = 4*m + h*y. Calculate the highest common divisor of m and 7.
7
Suppose 69*y = 70*y - 28. What is the greatest common divisor of y and 4?
4
Let f = 138 + 27. Suppose -10*y - 132 = -12*y. Calculate the highest common divisor of f and y.
33
Let t = 77 + -67. Let l(u) = u + 2. Let p be l(-2). Suppose 2*f + 4*h + 12 = p, -2*f + h = 3*f - 25. What is the greatest common divisor of f and t?
2
Let t(l) = 16*l - 6. Let b be t(6). Let i = -27 + 45. What is the greatest common factor of b and i?
18
Suppose 2*p - 120 - 40 = 0. Let w = 166 + -161. Suppose 5*n = -0*f - w*f + p, -5*n = 20. Calculate the highest common divisor of 30 and f.
10
Let i(q) = -4*q + 1. Let m be i(-6). Let z = 40 + -35. Suppose -z*t = 2 - 127. Calculate the greatest common divisor of m and t.
25
Suppose 7 + 5 = -q - p, -q + 5*p - 36 = 0. Let r = q + 25. Suppose 9 = -0*v + v. Calculate the greatest common factor of r and v.
9
Suppose -k + 110 + 43 = 0. Calculate the highest common factor of 17 and k.
17
Suppose -29 = 10*h + 91. Let f be (3/h + 3)/(6/48). Calculate the greatest common factor of f and 11.
11
Let m(t) = -101*t. Let g(n) = n - 1. Let u(o) = 5*g(o) - m(o). Let l be u(2). Calculate the greatest common divisor of 23 and l.
23
Let k = 575 + -141. Calculate the greatest common divisor of k and 28.
14
Let r be (1 + 3/6)*30. What is the highest common divisor of 25 and r?
5
Let l(n) = n**3 - 39*n**2 + 282*n - 334. Let w be l(30). Let s be (-65*1)/(2/(-4)). Calculate the greatest common factor of s and w.
26
Suppose -17 - 23 = -d - 2*n, d - 40 = 4*n. Calculate the highest common factor of d and 360.
40
Suppose -10*j - 17 = -217. What is the greatest common divisor of j and 2680?
20
Let j(y) = 3*y. Let k be j(1). Suppose -k*m + 21 + 6 = 0. Suppose -38 = -4*w - 2. What is the highest common divisor of m and w?
9
Let h(u) = u**3 + 34*u**2 - 3*u - 6. Let x be h(-34). Calculate the highest common factor of x and 108.
12
Suppose -4*l = -3*k + 2369, -12*l = -k - 7*l + 775. Calculate the greatest common factor of k and 15.
15
Let i = 18 - 9. Let c = 37 + 26. What is the greatest common divisor of i and c?
9
Suppose 3*g - g - 140 = 0. Let x(z) = 23*z - 292. Let p be x(13). Calculate the greatest common divisor of p and g.
7
Suppose -2*w - 79 = -2*v + 3*w, -w = -v + 32. Calculate the greatest common divisor of v and 135.
27
Let o be ((-3)/(-2) - 0)*288/54. What is the highest common divisor of 16 and o?
8
Suppose -3*z - 2*h + 3 = 15, 3*z - 3 = 3*h. Let w be (z - 40/(-12))*-3. Let y be -8 + 4 + 42 + w. Calculate the highest common divisor of y and 85.
17
Let h(k) = 23*k - 29. Let n be h(13). Calculate the greatest common divisor of 10 and n.
10
Suppose 4*q = 13*q - 45. Suppose -2*j = q*x - 650, -5 = -0*j + j. What is the greatest common factor of 12 and x?
12
Suppose 5*v = 3*l + 61, 5*l + 10 + 55 = v. Let n = 6 - l. Calculate the greatest common factor of 54 and n.
18
Suppose 3*h = -c + 2*c - 1, 0 = 4*c - 2*h - 14. Suppose 3*y - 156 = -2*y + c*i, -5*y = 4*i - 124. Calculate the greatest common factor of 28 and y.
28
Suppose 2338*v - 2305*v = 66. Suppose 0 = -i - 2*x + 8, 5*i - x = 2*x + 1. Calculate the highest common divisor of i and v.
2
Suppose 4*j = 1236 + 1452. What is the highest common factor of j and 28?
28
Let o be 801/18 + 12/8. What is the highest common factor of o and 2208?
46
Let d be (9/6)/(2/156). Let w(l) = 14*l**2 - 2*l + 1. Let r = 9 - 8. Let i be w(r). What is the greatest common factor of i and d?
13
Suppose -7*y + 16 = -5. Suppose 2*a = 4*f - 538, 4*f = -0*f - y*a + 543. Calculate the greatest common divisor of 15 and f.
15
Let q = 14373 + -14365. Suppose 4*g - 6*g = -336. Calculate the greatest common divisor of g and q.
8
Let d be (-274)/(-6) - (68/12 - 6). Let q be (-11)/(-22)*(8 - 0) + d. What is the greatest common factor of 125 and q?
25
Let v = -48 + 276. What is the greatest common divisor of 36 and v?
12
Let o(f) = 4*f**3 - 22*f**2 + 81*f + 3. Let d be o(7). What is the greatest common factor of d and 6?
6
Suppose 7*c + 10 = 9*c. Suppose c*h - 49 = 56. What is the greatest common factor of 63 and h?
21
Suppose 0 = -798*a + 813*a - 90. What is the greatest common factor of a and 708?
6
Let m = 94 - 18. Calculate the highest common factor of 12 and m.
4
Let n = -103 + 119. Suppose 3*d = -5*b + 48, 33 = -5*d + 13. What is the greatest common divisor of n and b?
4
Let n be 